13000
In base 6, what is 232141 + -2?
232135
In base 13, what is -2a0c + -37?
-2a46
In base 8, what is -12 - 651?
-663
In base 10, what is 108795 + 0?
108795
In base 7, what is -62 + -151031?
-151123
In base 13, what is 5 + 14a72?
14a77
In base 12, what is 8b - -364?
433
In base 7, what is -16 + -23006?
-23025
In base 15, what is -383 + -74?
-407
In base 14, what is -3b - 52?
-8d
In base 14, what is -200c + 7?
-2005
In base 12, what is -5 + -753b?
-7544
In base 13, what is -8339 - 4?
-8340
In base 3, what is -112 + 200211?
200022
In base 12, what is 28 - -66781?
667a9
In base 4, what is -321132 - -1110?
-320022
In base 3, what is -1201102010 - 10?
-1201102020
In base 13, what is 24 + -2557?
-2533
In base 12, what is -74 + -4?
-78
In base 11, what is 21400 + 28?
21428
In base 14, what is d1 - -2565?
2656
In base 5, what is 10 + -4032422?
-4032412
In base 5, what is 1134002 + -14?
1133433
In base 8, what is -2 - 76373?
-76375
In base 7, what is 2 - -12565022?
12565024
In base 7, what is -10 - -25452?
25442
In base 12, what is -3 - -2055?
2052
In base 2, what is -1110111110110 + -100111?
-1111000011101
In base 2, what is 10000101 + -100100101100000?
-100100011011011
In base 5, what is 24202143 - 3?
24202140
In base 5, what is -3 + -10114132?
-10114140
In base 11, what is -359a05 - -5?
-359a00
In base 15, what is -2 - -235b?
2359
In base 7, what is 3403045 - 0?
3403045
In base 14, what is 206 - -152?
358
In base 10, what is 5 + -20455?
-20450
In base 11, what is -311 - 28?
-339
In base 8, what is 2 - -1373073?
1373075
In base 13, what is 5 - cc32?
-cc2a
In base 10, what is -12 + -36030?
-36042
In base 8, what is 0 + -313366?
-313366
In base 13, what is 25 + 24bb?
2513
In base 14, what is -14dd - 19?
-1518
In base 6, what is 34 + -424523?
-424445
In base 7, what is 14 + 25020?
25034
In base 5, what is -21102 + -14?
-21121
In base 13, what is -29 - -cb4?
c88
In base 11, what is 326 + -113?
213
In base 5, what is 10 + 4021112?
4021122
In base 5, what is -3 - 20133223?
-20133231
In base 6, what is -21 + -133132?
-133153
In base 16, what is 863 + -5?
85e
In base 11, what is -12 - -1385?
1373
In base 4, what is 22 - -1001210?
1001232
In base 5, what is -12212 - -312?
-11400
In base 2, what is -1111011010000 - -1001?
-1111011000111
In base 6, what is -5 + 5050413?
5050404
In base 15, what is -2d511 + -1?
-2d512
In base 11, what is -2 - -7a8462?
7a8460
In base 6, what is -5 + 453102?
453053
In base 4, what is 1113231 + 2?
1113233
In base 8, what is 17711 + -3?
17706
In base 3, what is 21 + 1002120100121?
1002120100212
In base 10, what is 2 + 102368?
102370
In base 7, what is 1240 + 4104?
5344
In base 5, what is -3 + 43242241?
43242233
In base 12, what is -674040 - 3?
-674043
In base 16, what is -3f7b - d?
-3f88
In base 11, what is -4 + -2432?
-2436
In base 14, what is -676a + -40?
-67aa
In base 16, what is -4 - -2647?
2643
In base 15, what is -5 + c3b1c?
c3b17
In base 13, what is 7 - -8cb?
905
In base 4, what is -20100 - 23221?
-103321
In base 8, what is 106 - -5555?
5663
In base 5, what is 311440 + 1404?
313344
In base 8, what is -420 - 126?
-546
In base 16, what is 5ce1 - 3?
5cde
In base 3, what is -101 - 101221001?
-101221102
In base 16, what is 179df - 0?
179df
In base 3, what is -110 - 212202001?
-212202111
In base 4, what is 10 + 322020?
322030
In base 2, what is 10110101010001010 - -101?
10110101010001111
In base 7, what is -1224125 - 2?
-1224130
In base 4, what is 13220 + 22103?
101323
In base 8, what is 1 - 161330?
-161327
In base 5, what is -1 + 1000121?
1000120
In base 6, what is -113 - 110?
-223
In base 10, what is 65966 + -3?
65963
In base 3, what is 1000212200 - 21?
1000212102
In base 4, what is 211310 + 1123?
213033
In base 10, what is -3 - 10899?
-10902
In base 11, what is -2a204 - -a?
-2a1a5
In base 13, what is 2 + -bc78?
-bc76
In base 4, what is -1 + 102300123?
102300122
In base 3, what is 210021 + 1111112?
2021210
In base 15, what is c376 - 4?
c372
In base 7, what is 2601244 - -2?
2601246
In base 7, what is -6316 - -154?
-6132
In base 9, what is 12843 - -1?
12844
In base 7, what is 1064 + 222?
1316
In base 16, what is 1a + 6947?
6961
In base 12, what is 22954 + 1?
22955
In base 15, what is 3 - -3bb21?
3bb24
In base 13, what is -461 + -88?
-519
In base 3, what is 10201022021220 + 0?
10201022021220
In base 6, what is -10433 + -15552?
-30425
In base 2, what is -100010011110100110011 - 1?
-100010011110100110100
In base 16, what is 5 + 42064?
42069
In base 5, what is -103342212 + 3?
-103342204
In base 5, what is 10241 + -3043?
2143
In base 9, what is 8 - -11658?
11667
In base 12, what is -8 + -23377?
-23383
In base 15, what is -21 - 1b4a?
-1b6b
In base 12, what is 813 + 2?
815
In base 4, what is -1011 - -3023122?
3022111
In base 16, what is 533558 + 3?
53355b
In base 11, what is 3 - 3411?
-3409
In base 4, what is 20201322 + -12?
20201310
In base 5, what is 303422111 - 3?
303422103
In base 7, what is -140412 - 26?
-140441
In base 4, what is 23 - -20111011?
20111100
In base 9, what is 3 - -5516?
5520
In base 5, what is 4110 + -1044?
3011
In base 6, what is -103 + 53502?
53355
In base 5, what is 12314134 + -3?
12314131
In base 12, what is -1b34 - -a?
-1b26
In base 12, what is -3041b + -60?
-3047b
In base 2, what is -1100001 + 111010001?
101110000
In base 2, what is -100010010101101100 + 1?
-100010010101101011
In base 14, what is -85 + 4c1?
43a
In base 14, what is 21360c - -4?
213612
In base 14, what is 0 - 1db45?
-1db45
In base 14, what is 677 + -96?
5c1
In base 10, what is -3 + 26213?
26210
In base 9, what is 47 - 113555?
-113507
In base 3, what is -20 - -200020211201?
200020211111
In base 3, what is -12110101 - 121?
-12110222
In base 5, what is 20423213 + -3?
20423210
In base 12, what is -68a + -545?
-1013
In base 13, what is -18147 + -8?
-18152
In base 2, what is -10 - -11100010100010100?
11100010100010010
In base 16, what is 56e0 - 2?
56de
In base 15, what is 5 + -283?
-27d
In base 13, what is -4 - -10b66?
10b62
In base 12, what is 1243 - -12?
1255
In base 6, what is -55 + 3042?
2543
In base 11, what is 6115 - -58?
6172
In base 14, what is 3 + -395a?
-3957
In base 10, what is 6 + -273755?
-273749
In base 14, what is -1 + -21b6c?
-21b6d
In base 3, what is -211 - 1101101?
-1102012
In base 14, what is -45 + 292?
24b
In base 4, what is -32 + 12323?
12231
In base 11, what is -11 - -108a4?
10893
In base 14, what is 1847d - 8c?
183d1
In base 7, what is -4 + -53041?
-53045
In base 7, what is -414 - 4050?
-4464
In base 4, what is 3110210 + -10?
3110200
In base 12, what is 20 - -160?
180
In base 10, what is -321 - 316?
-637
In base 9, what is -2316574 - -5?
-2316568
In base 7, what is 12353 + -2?
12351
In base 10, what is 2371 - 4?
2367
In base 13, what is -1 - -204b7?
204b6
In base 13, what is 14b10 - -4?
14b14
In base 5, what is -143 - 210012?
-210210
In base 8, what is 235013 - 120?
234673
In base 16, what is 69e5 - -4?
69e9
In base 10, what is -17 + -2045?
-2062
In base 7, what is -2241315 + 3?
-2241312
In base 11, what is -45 - -54?
a
In base 12, what is -145 + -3a?
-183
In base 12, what is 241a13b - 1?
241a13a
In base 9, what is -42406 + -83?
-42500
In base 8, what is 5773 - 366?
5405
In base 2, what is 10001000001111 - 100?
10001000001011
In base 7, what is 25 - 344544?
-344516
In base 8, what is 7556 - 1?
7555
In base 2, what is 1101111000111 + -101?
1101111000010
In base 14, what is 2 + 12c2?
12c4
In base 16, what is 6 + -132c3?
-132bd
In base 11, what is 4 + -125568?
-125564
In base 5, what is 12 - 24220?
-24203
In base 5, what is 2101 + -101?
2000
In base 2, what is -110110010000001 - 10?
-110110010000011
In base 16, what is 144ee + -1?
144ed
In base 2, what is -110 - -101011100010?
101011011100
In base 13, what is -7 - -14834?
1482a
In base 9, what is 44271 + 11?
44282
In base 2, what is -11100010111 + -101010000?
-100001100111
In base 5, what is -4043130 - 32?
-4043212
In base 14, what is -1759 - 19?
-1774
In base 8, what is -265 + 424?
137
In base 5, what is -101 - -2140240?
2140134
In base 15, what is -17 - -8e54?
8e3c
In base 9, what is 32265 + 5?
32271
In base 9, what is -13063 - -11?
-13052
In base 4, what is -13111000 + -133?
-13111133
In base 6, what is -1434 - -105?
-1325
In base 10, what is -90 - -2?
-88
In base 6, what is 